q = -126 + 131. Let x(c) = c - q - 16 + 29. What is x(-7)?
1
Let a(d) = d**3 + 2*d**2 + 7*d + 3. Let w(i) = -i**3 - 3*i**2 - 8*i - 4. Let v(j) = -6*a(j) - 5*w(j). Give v(2).
2
Let l(w) = w**3 + 10*w**2 + 11*w + 3. Let h be 1*-10 - -5*(-4)/(-20). Give l(h).
-15
Let b(j) = 5*j - 10. Let o = 90 + -94. Let m(d) = 4*d - 10. Let i(z) = o*m(z) + 3*b(z). Let l(y) = -y**2 - 2*y - 1. Let q be l(-1). Calculate i(q).
10
Suppose -4*s + 108 = -5*t, t + 33 = -s - 2*s. Let l be 1/(4 + 100/t). Let i(w) = -w. Let n(f) = 4*f + 4. Let j(d) = -5*i(d) - n(d). Determine j(l).
-10
Let j = 3 - 4. Let r be (25/20)/((-1)/(-12)). Let h(g) = -1 - 10*g - g**2 + r*g - 7*g. What is h(j)?
0
Let u(z) = z - 5. Let y be (-202)/20 - 1/(-10). Let f be 9/2 - 5/y. Determine u(f).
0
Let p(t) = -3*t - t**2 + 0*t + t + 3. Let y be (-17)/3 - (52/6)/(-13). Determine p(y).
-12
Let c(f) = 51*f**2 + 56*f + 29. Let t(n) = 14*n**2 + 14*n + 7. Let a(k) = 3*c(k) - 11*t(k). What is a(15)?
-5
Let v(w) be the third derivative of 13*w**5/30 - w**4/24 + w**3/6 - w**2 - 36. Determine v(1).
26
Let f = 10 - 7. Suppose f*k = 4*p - 2*p + 10, 0 = 5*p + 2*k + 6. Let r(o) = 3*o + 55. Let z(u) = -2*u - 44. Let d(g) = 4*r(g) + 5*z(g). Give d(p).
-4
Let g be 24/4 - 413/70. Let y(p) be the third derivative of p**3 + 1/120*p**6 + 0*p - 1/24*p**4 + 0 - g*p**5 + 2*p**2. Determine y(6).
0
Let q(o) = o**3 - 10*o**2 + 5*o - 7. Let m(g) = -2*g**3 + 21*g**2 - 10*g + 14. Let i(d) = 4*m(d) + 9*q(d). Determine i(6).
23
Suppose 2*p - 7*p - 35 = 0. Let s(q) = 3*q + 39*q**2 + 4*q + q**3 - 31*q**2 + 0*q - 2. Calculate s(p).
-2
Let d(m) = 10*m**2 + 3*m + 3 - 20 + 0*m + 0*m**3 + 2*m + m**3. Calculate d(-9).
19
Let y(a) = -2*a - 5. Suppose -3*t = k - 6*t - 23, 2*k - 2*t = 46. Let m = -15 + k. Let w = m - 14. Determine y(w).
7
Let a(h) be the second derivative of h**5/20 + 11*h**4/6 - 4*h**3 - 14*h**2 + 59*h + 1. Determine a(-23).
-5
Suppose -6*f - 550 = -11*f. Let n(d) = -f + 2*d + 98 - 2*d - 2*d. Determine n(-10).
8
Suppose 5*t - 2 = 2*i, 18 = -t + 6*t + 2*i. Suppose 10 = 5*j - 4*d, t*j + j = -2*d - 16. Let f(y) = -5 - 2*y + 2 + 0. Give f(j).
1
Let b(w) be the third derivative of -w**6/120 - 11*w**5/60 + 11*w**4/24 - 8*w**3/3 - 1035*w**2. Calculate b(-12).
-4
Let q(r) = 13*r + 0 - 3*r - 11*r + 8. What is q(4)?
4
Suppose 4*f = -2*k - 2, 5*f - 3*k - 32 + 7 = 0. Let h(i) = -11*i - 4*i - 8*i**f - 2*i + 16*i + i**3 + 3. Suppose n + 0*n = 8. Determine h(n).
-5
Suppose -4*t = -5*r + 52, 3 - 31 = 2*t - 3*r. Let i(k) = -k - 13. Calculate i(t).
-5
Let h(b) = -b**2 - 15*b - 14. Let k be h(-14). Suppose -5*z + 2*a = -0*a - 24, k = a + 2. Let d(r) = -r**2 + 6*r - 2. Calculate d(z).
6
Let b(o) = o**3 - 3*o**2 - 5*o - 1. Let z be b(4). Let n(l) = 100*l**2 + 98*l**2 + 95*l**2 + 6 - 294*l**2 - 4*l. Determine n(z).
1
Let i = -18 - -18. Let l(p) = 0*p + 4 - 2*p - p**2 - p**3 + 3*p + i*p. Calculate l(0).
4
Let s(h) be the first derivative of -3*h**2 + 37. Determine s(1).
-6
Let m be (-2 - -4*1)/((-10)/(-20)). Let n(s) = m + 5*s + 2*s - 8*s. Give n(4).
0
Let s(l) = 8*l + 52. Let r be s(-7). Let m(z) = -z**3 - 3*z**2 + 3*z - 2. What is m(r)?
2
Let t(y) = -y + 3*y - y + 3. Let v(s) = -5*s - 22. Let x be v(-5). Suppose x*m + 3*o + 36 = 6*o, 4*o = 20. Give t(m).
-4
Let g(x) = 2 + 10 - 7 - 2*x + 2*x**2 - 3*x - x**2. What is g(2)?
-1
Let t(i) = -i**3 + 0*i**3 - 1 + i**2 - i + 0*i. Let b(k) = 4*k**2 + 289*k - 217. Let s be b(-73). Determine t(s).
-7
Let g(m) = -m**3 - m**2 - m + 1. Let i(w) = 7*w**3 + 5*w**2 + 2*w - 9. Let n(t) = -6*g(t) - i(t). Let d be n(3). Let a(p) = 3*p + 4. What is a(d)?
-5
Let w(p) = -p + 9. Let t be w(4). Let o(z) = t*z**2 + 3 - 2 + 6*z - 5 + 2 - z**3. Determine o(6).
-2
Suppose 9 = 4*w - 3. Let h be 6 + (4/(-4) - w). Let z(u) = 3*u**2 + 2 - 2*u**2 - 4*u + 3*u**2 - h*u**2. What is z(3)?
8
Let z = 74 - 38. Let f be ((-5)/2)/((-15)/z). Let b(r) = -f*r + 6*r + 2*r - 1. What is b(1)?
1
Let z(w) = 4*w + 3. Suppose -5*j - 8 = 2*i + 46, -3*i = -5*j + 131. Let s = 41 + i. Give z(s).
19
Let f(t) = -t**2 - t - 2. Let d be f(-2). Let m(a) = -a**3 + a**2 + a - 2. Let b(u) = u**3 - u**2 - u + 3. Let i(p) = d*m(p) - 3*b(p). What is i(3)?
14
Let r be ((-21)/6)/((-3)/(-18)). Let f be 1/(-7) + (-87)/r. Let y(s) be the second derivative of s**5/20 - s**4/3 - s**3/3 + 3*s**2 - 5*s. Determine y(f).
-2
Let x(v) = -v**2 + 7*v - 6. Suppose -b + 23 = 2*o, 0*o - 4*b - 64 = -5*o. Suppose h - 3 - o = -2*q, -h + 3 = -q. Determine x(h).
-6
Let x(r) = 13*r**2 + 23*r + 48. Let z(k) = 7*k**2 + 12*k + 26. Let p(s) = 6*x(s) - 11*z(s). Let f be 1*(-2 + (1 - 4)). What is p(f)?
-3
Let s(d) = -d**2 + 2 - 3 + 7*d - 4*d. Suppose 11*q - 13*q + 5*n = 14, q - 3*n = -9. Give s(q).
-1
Suppose 5*d + 21 + 64 = 0. Let h = 7 - d. Let j be (-16)/(-6) + (-16)/h. Let c(w) = -w**2 - w. Calculate c(j).
-6
Suppose 6 = -4*t - 2, t = n + 5. Let d(a) = a**3 + 8*a**2 + 9*a + 23. Give d(n).
9
Let u = 0 + -12. Let y = 17 + u. Let c(p) = 6*p**3 - 3*p + 4*p**2 + y*p - 3*p**2 - p. What is c(-1)?
-6
Let g(r) = r**2 - 16*r - 7. Let z(v) = 2*v + 2. Let x(m) = g(m) + 5*z(m). Calculate x(6).
3
Let y(n) be the second derivative of n**5/20 - 5*n**4/6 - 5*n**3/3 - 5*n**2 - 3*n - 21. Give y(11).
1
Let y(r) = 8*r**3 + 2*r + 1. Let h be (-2)/4*4/(-10)*-5. What is y(h)?
-9
Let a(l) = -l**3 - 6*l**2 - 7*l - 4. Let j(b) = 2*b**2 + 3*b + 2. Let q be j(-2). Suppose d + q*h = -4*d - 29, 4*h + 4 = 0. Calculate a(d).
6
Let u be (-2)/5 + 6/(-10). Let f(y) be the second derivative of 1/2*y**2 + 1/3*y**3 + 1/5*y**5 + 0 + 1/6*y**4 - y. What is f(u)?
-3
Let w(j) = -31*j - 75. Let p(z) = 11*z + 25. Let a(b) = -17*p(b) - 6*w(b). Calculate a(14).
11
Let m(i) = 7*i**2 - 8*i - 3. Let r be m(3). Let t(k) = 7 + 21*k + 22*k + k**2 - r*k. Determine t(-5).
-3
Let s(u) be the second derivative of -7*u**4/12 - u**3/3 - 3*u**2 + 13*u. Let a(b) = -b**2 - b. Let k(p) = -6*a(p) + s(p). Suppose -2*f + 0 = -8. Give k(f).
-6
Suppose -5*o + 14*o - 18 = 0. Let p(g) = 3*g**2 - g - 2. Calculate p(o).
8
Let r(o) = -16*o + 14. Let n(l) = 10*l - 8. Let j(w) = 5*n(w) + 3*r(w). Let a = -1 - -1. Suppose 0 = -v - a*v + 4. Determine j(v).
10
Let l(o) = o - 1. Let s(g) = 10*g - 3. Let d(i) = -6*l(i) + s(i). Let q(t) = -t**3 + 3*t**2 - 6*t + 6. Let b be q(3). Let z be (-15)/b - (-39)/(-12). Give d(z).
-5
Let o(s) be the second derivative of s**4/12 + s**3/6 - 3*s**2/2 - 2*s - 11. Let a(j) = j - 7. Let l be a(7). Give o(l).
-3
Let p(x) = 2*x**2 + 2*x - 1. Let b(k) = k**3 + 2*k**2 - 10*k + 11. Let h(f) = b(f) + 2*p(f). Calculate h(-7).
2
Let m = -19 + 21. Let c(j) = j**2 - 2*j**m + 4*j - j + 5 + j. Calculate c(6).
-7
Let p(t) be the third derivative of -t**6/120 + t**5/60 - t**3/3 - 2*t**2. Let s = 29 - 24. Suppose h = s*h - 8. Calculate p(h).
-6
Let u(c) be the second derivative of 0 - 14*c - 1/3*c**3 + 3/2*c**2. Give u(4).
-5
Let g be (4/5)/(-2)*(-25)/10. Let q(r) = -9*r**2 + 3*r - 3. Let z(o) = o - 1. Let a(v) = -q(v) + 2*z(v). Calculate a(g).
9
Let p(j) = -j**3 + 5*j**2 + 8*j - 4. Let c(h) = -6*h + 72. Let y be c(11). Determine p(y).
8
Let d(s) = -2*s. Let v(t) = t**2 - 14*t - 19. Let y be v(14). Let u = y + 24. Calculate d(u).
-10
Let o(v) = 570*v - 6 - 10 - 519*v - 2*v**2 - 17 + 3. Give o(25).
-5
Let l(j) be the third derivative of j**4/24 - j**3/3 - 9*j**2 - 5*j. Calculate l(2).
0
Let s be 68/(-18) - 2/9. Let r(i) = i**3 + i**2 - 5*i + 1. Let n be r(2). Let a(g) = 5*g**2 + 6*g + 3*g**n + g**3 - 3*g**3 + 10 - 8. Calculate a(s).
-6
Let o = -39 + 42. Suppose 4*w + 16 = 0, -5*c = -o*c - 4*w - 8. Let v(x) = x - 3. Determine v(c).
-7
Let f = -4 + 13. Let b = 12 - f. Let w(x) be the third derivative of x**6/120 - x**5/15 + x**4/24 - x**3/6 - 3*x**2. Give w(b).
-7
Let q(u) = 3*u - 16. Let c(j) = 4*j - 16. Let b(g) = -2*c(g) + 3*q(g). Determine b(0).
-16
Let s(v) = -103*v + 202*v - 94*v. Give s(4).
20
Let v be (-5)/(-2) - (-3)/6. Suppose 0*t - 5*r + 23 = 4*t, t - 4 = -3*r. Let i(b) = -3*b + b**3 + t*b**2 - 4 + 9*b**2 - 18*b**2. Determine i(v).
-4
Let i(q) = -10*q - 8. Let p(d) = 26*d + 20. Let k(g) = -12*i(g) - 5*p(g). Determine k(3).
-34
Let s(g) = -17 + 7 + 10 - 24*g + 27*g. What is s(2)?
6
Let p(w) = w**2 + 1. Let c(a) be the third derivative of -a**6/120 - a**5/10 + a**4/12 - a**3/6 + 15*a**2. Let l(m) = -c(m) - 3*p(m). What is l(-3)?
4
Let i(n